{"id":7964,"date":"2018-05-18T15:21:22","date_gmt":"2018-05-18T13:21:22","guid":{"rendered":"https:\/\/www.ss3.at\/Holzwerker\/?page_id=7964"},"modified":"2018-05-30T14:35:02","modified_gmt":"2018-05-30T12:35:02","slug":"datenschutzerklaerung","status":"publish","type":"page","link":"https:\/\/www.ss3.at\/Holzwerker\/uber-mich\/datenschutzerklaerung\/","title":{"rendered":"Datenschutzerkl\u00e4rung"},"content":{"rendered":"<h2>Wer ich bin<\/h2>\n<p>Mein Name ist Schreiner Sigi.\u00a0Die Adresse meiner Website bzw. meines Blogs ist: <strong>https:\/\/www.ss3.at\/Holzwerker<\/strong>.<br \/>\nSie kann aktuell auch \u00fcber\u00a0<strong>http:\/\/sigi-schreiner.at<\/strong> erreicht werden.<br \/>\nWeitere Information zu meiner Person siehe auch das <a href=\"https:\/\/www.ss3.at\/Holzwerker\/uber-mich\/\">Impressum<\/a>.<\/p>\n<h2>Welche personenbezogenen Daten werden gesammelt und warum werden sie gesammelt<\/h2>\n<h3>Kommentare<\/h3>\n<p>Wenn Besucher Kommentare auf meinem Blog schreiben, werden die Daten gesammelt, die im Kommentar-Formular angezeigt werden, zus\u00e4tzlich die IP-Adresse des Besuchers und der User-Agent-String (damit wird der Browser identifiziert), um die Erkennung von Spam zu unterst\u00fctzen.<\/p>\n<p>Aus deiner E-Mail-Adresse kann eine anonymisierte Zeichenfolge erstellt (auch Hash genannt) und dem Gravatar-Dienst \u00fcbergeben werden, um zu pr\u00fcfen, ob du diesen benutzt. Die Datenschutzerkl\u00e4rung des Gravatar-Dienstes findest du hier: <a href=\"https:\/\/automattic.com\/privacy\/\">https:\/\/automattic.com\/privacy\/<\/a>. Nachdem dein Kommentar freigegeben wurde, ist dein Profilbild \u00f6ffentlich im Kontext deines Kommentars sichtbar.<\/p>\n<h3>Cookies<\/h3>\n<p>Wenn du einen Kommentar auf diesem Blog schreibst, kann das eine Einwilligung sein, deinen Namen, E-Mail-Adresse und Website in Cookies zu speichern. Dies ist eine Komfortfunktion, damit du nicht, wenn du einen weiteren Kommentar schreibst, all diese Daten erneut eingeben musst. Diese Cookies werden ein Jahr lang gespeichert.<\/p>\n<h3>Eingebettete Inhalte von anderen Websites<\/h3>\n<p>Beitr\u00e4ge auf dieser Website k\u00f6nnen eingebettete Inhalte beinhalten (z.\u00a0B. Videos, Bilder, Beitr\u00e4ge etc.). Eingebettete Inhalte von anderen Websites verhalten sich exakt so, als ob der Besucher die andere Website besucht h\u00e4tte.<\/p>\n<p>Diese anderen Websites k\u00f6nnen Daten \u00fcber dich sammeln, Cookies benutzen, zus\u00e4tzliche Tracking-Dienste von Dritten einbetten und deine Interaktion mit diesem eingebetteten Inhalt aufzeichnen.<\/p>\n<h3>Analysedienste<\/h3>\n<h2>Mit wem werden deine Daten geteilt<\/h2>\n<p>Dieser Blog nutzt\u00a0Google Analytics. Das soll mir helfen eine kleine Orientierung zu geben, aus welchen L\u00e4ndern mein Blog aufgerufen wird. N\u00e4heres siehe <a href=\"https:\/\/www.ss3.at\/Holzwerker\/uber-mich\/\">Impressum\/Google Analytics<\/a><\/p>\n<h2>Wie lange werden deine Daten gespeichert<\/h2>\n<p>Wenn du einen Kommentar schreibst, wird dieser inklusive Metadaten zeitlich unbegrenzt gespeichert. Auf diese Art k\u00f6nnen Folgekommentare automatisch erkannt und freigeben werden, anstelle sie in einer Moderations-Warteschlange festzuhalten.<\/p>\n<h2>Welche Rechte du an deinen Daten hast<\/h2>\n<p>Wenn du Kommentare geschrieben hast, kannst du einen Export deiner personenbezogenen Daten bei mir anfordern, inklusive aller Daten, die du uns mitgeteilt hast. Dies umfasst nicht die Daten, die wir aufgrund administrativer, rechtlicher oder sicherheitsrelevanter Notwendigkeiten aufbewahren m\u00fcssen.<\/p>\n<h2>Deine Kontakt-Informationen<\/h2>\n<p><a href=\"https:\/\/www.ss3.at\/Holzwerker\/uber-mich\/\">Siehe weiters das Impressum<\/a>.<\/p>\n","protected":false},"excerpt":{"rendered":"<p>Wer ich bin Mein Name ist Schreiner Sigi.\u00a0Die Adresse meiner Website bzw. meines Blogs ist: https:\/\/www.ss3.at\/Holzwerker. Sie kann aktuell auch \u00fcber\u00a0http:\/\/sigi-schreiner.at erreicht werden. Weitere Information zu meiner Person siehe auch das Impressum. Welche personenbezogenen Daten werden gesammelt und warum werden &hellip; <a href=\"https:\/\/www.ss3.at\/Holzwerker\/uber-mich\/datenschutzerklaerung\/\">Weiterlesen <span class=\"meta-nav\">&rarr;<\/span><\/a><\/p>\n","protected":false},"author":3,"featured_media":0,"parent":54,"menu_order":0,"comment_status":"closed","ping_status":"closed","template":"","meta":[],"_links":{"self":[{"href":"https:\/\/www.ss3.at\/Holzwerker\/wp-json\/wp\/v2\/pages\/7964"}],"collection":[{"href":"https:\/\/www.ss3.at\/Holzwerker\/wp-json\/wp\/v2\/pages"}],"about":[{"href":"https:\/\/www.ss3.at\/Holzwerker\/wp-json\/wp\/v2\/types\/page"}],"author":[{"embeddable":true,"href":"https:\/\/www.ss3.at\/Holzwerker\/wp-json\/wp\/v2\/users\/3"}],"replies":[{"embeddable":true,"href":"https:\/\/www.ss3.at\/Holzwerker\/wp-json\/wp\/v2\/comments?post=7964"}],"version-history":[{"count":5,"href":"https:\/\/www.ss3.at\/Holzwerker\/wp-json\/wp\/v2\/pages\/7964\/revisions"}],"predecessor-version":[{"id":8073,"href":"https:\/\/www.ss3.at\/Holzwerker\/wp-json\/wp\/v2\/pages\/7964\/revisions\/8073"}],"up":[{"embeddable":true,"href":"https:\/\/www.ss3.at\/Holzwerker\/wp-json\/wp\/v2\/pages\/54"}],"wp:attachment":[{"href":"https:\/\/www.ss3.at\/Holzwerker\/wp-json\/wp\/v2\/media?parent=7964"}],"curies":[{"name":"wp","href":"https:\/\/api.w.org\/{rel}","templated":true}]}}