{"id":5392,"date":"2016-08-22T15:23:28","date_gmt":"2016-08-22T13:23:28","guid":{"rendered":"http:\/\/www.ss3.at\/Holzwerker\/?page_id=5392"},"modified":"2019-09-30T13:35:37","modified_gmt":"2019-09-30T11:35:37","slug":"spielzeuge","status":"publish","type":"page","link":"https:\/\/www.ss3.at\/Holzwerker\/spielzeuge\/","title":{"rendered":"Spielzeuge"},"content":{"rendered":"<h1>Hier sehen Sie eine \u00dcbersicht \u00fcber alle ver\u00f6ffentlichten Spielzeuge.<\/h1>\n<h1><span style=\"font-family: arial, helvetica, sans-serif; font-size: 10pt;\">Ein Klick auf die Untertitel der Bilder und Sie werden zum passendem Artikel weitergeleitet.<\/span><\/h1>\n<div class=\"gmedia_gallery phantom_module is_bot\" id=\"GmediaGallery_417\" data-gmid=\"417\" data-module=\"phantom\"><style type='text\/css' class='gmedia_module_style_import'>@import url('https:\/\/www.ss3.at\/Holzwerker\/wp-content\/plugins\/grand-media\/module\/phantom\/css\/style.css?v=3.23') all;\/**** .phantom_module #GmediaGallery_417 ****\/\n#GmediaGallery_417 .gmPhantom_ThumbContainer,\n#GmediaGallery_417 .gmPhantom_LoadMore {width:100px; height:75px;}\n#GmediaGallery_417 .gmPhantom_MobileView .gmPhantom_ThumbContainer,\n#GmediaGallery_417 .gmPhantom_MobileView .gmPhantom_LoadMore {width:96px; height:72px;}\n#GmediaGallery_417 .gmPhantom_LoadMore .gmPhantom_pager {font-size:37.5px;line-height:75px;}\n#GmediaGallery_417 .gmPhantom_MobileView .gmPhantom_LoadMore .gmPhantom_pager {font-size:36px;line-height:72px;}\n#GmediaGallery_417 .gmPhantom_LoadMore[data-col=\"1\"] {width:auto;height:50px;}\n#GmediaGallery_417 .gmPhantom_LoadMore[data-col=\"1\"] .gmPhantom_pager,\n#GmediaGallery_417 .gmPhantom_MobileView .gmPhantom_LoadMore[data-col=\"1\"] .gmPhantom_pager {font-size:40px;line-height:50px;}\n#GmediaGallery_417 .gmPhantom_Container {margin-left:0;}\n#GmediaGallery_417 .gmPhantom_ThumbContainer,\n#GmediaGallery_417 .gmPhantom_LoadMore {margin:2px 0 0 2px;}\n#GmediaGallery_417 .gmPhantom_LoadMore[data-col=\"1\"] {transform:translate(0, 2px);margin-bottom:2px;}\n#GmediaGallery_417 .gmPhantom_ThumbContainer,\n#GmediaGallery_417 .gmPhantom_LoadMore {padding:0px;}\n#GmediaGallery_417 .gmPhantom_LabelBottom .gmPhantom_ThumbContainer {padding-bottom:36px;}\n#GmediaGallery_417 .gmPhantom_LabelBottom .gmPhantom_LoadMore {padding-top:36px;}\n#GmediaGallery_417 .gmPhantom_LabelBottom .gmPhantom_LoadMore[data-col=\"1\"] {padding-top:0px;}\n#GmediaGallery_417 .gmPhantom_ThumbContainer .gmPhantom_Thumb {opacity:0.85;}\n#GmediaGallery_417 .gmPhantom_ThumbContainer,\n#GmediaGallery_417 .gmPhantom_LoadMore {border:none;}\n#GmediaGallery_417 .gmPhantom_ThumbContainer,\n#GmediaGallery_417 .gmPhantom_LoadMore {box-shadow:none;}<\/style>    <div class=\"gmPhantom_Container noLightbox\" >\n                <div class=\"gmPhantom_thumbsWrapper gmPhantom_LabelTooltip\">\n                        <div class=\"gmPhantom_ThumbContainer gmPhantom_ThumbLoader\" data-id=\"2826\" data-post_id=\"8493\" data-ratio=\"1.5\" data-type=\"image\" data-ext=\"jpg\" data-views=\"394\" data-likes=\"0\" data-cc=\"0\">\n                <a href=\"https:\/\/www.ss3.at\/Holzwerker\/wp-content\/grand-media\/image\/P2010200.jpg\" class=\"gmPhantom_Thumb\"><img class=\"noLazy\" src=\"https:\/\/www.ss3.at\/Holzwerker\/wp-content\/grand-media\/image\/thumb\/P2010200.jpg\" data-src=\"https:\/\/www.ss3.at\/Holzwerker\/wp-content\/grand-media\/image\/P2010200.jpg\" alt=\"Massageroller\"\/><\/a>\n                                <div style=\"display:none;\" class=\"gmPhantom_Details\">\n                                            <div class=\"gmPhantom_description\">\n                            <div class=\"gmPhantom_title\">Massageroller<\/div>\n                            <div class=\"gmPhantom_text\"><\/div>\n                        <\/div>\n                                                            <div class=\"gmPhantom_terms\">\n                                            <\/div>\n                <\/div>\n                <\/div>            <div class=\"gmPhantom_ThumbContainer gmPhantom_ThumbLoader\" data-id=\"2810\" data-post_id=\"8476\" data-ratio=\"1.9033333333333\" data-type=\"image\" data-ext=\"jpg\" data-views=\"551\" data-likes=\"0\" data-cc=\"0\">\n                <a href=\"https:\/\/www.ss3.at\/Holzwerker\/wp-content\/grand-media\/image\/BabyRassel.jpg\" class=\"gmPhantom_Thumb\"><img class=\"noLazy\" src=\"https:\/\/www.ss3.at\/Holzwerker\/wp-content\/grand-media\/image\/thumb\/BabyRassel.jpg\" data-src=\"https:\/\/www.ss3.at\/Holzwerker\/wp-content\/grand-media\/image\/BabyRassel.jpg\" alt=\"Babyrassel mit losen Ringen aus unbehandelter Buche\"\/><\/a>\n                                <div style=\"display:none;\" class=\"gmPhantom_Details\">\n                                            <div class=\"gmPhantom_description\">\n                            <div class=\"gmPhantom_title\">Babyrassel mit losen Ringen aus unbehandelter Buche<\/div>\n                            <div class=\"gmPhantom_text\"><\/div>\n                        <\/div>\n                                                            <div class=\"gmPhantom_terms\">\n                                            <\/div>\n                <\/div>\n                <\/div>            <div class=\"gmPhantom_ThumbContainer gmPhantom_ThumbLoader\" data-id=\"927\" data-post_id=\"4542\" data-ratio=\"1.0533333333333\" data-type=\"image\" data-ext=\"jpg\" data-views=\"824\" data-likes=\"0\" data-cc=\"0\" data-link=\"https:\/\/www.ss3.at\/Holzwerker\/2016\/05\/21\/baby-spielbruecke\/\" data-target=\"_self\">\n                <a href=\"https:\/\/www.ss3.at\/Holzwerker\/wp-content\/grand-media\/image\/_P1240238.jpg\" class=\"gmPhantom_Thumb\"><img class=\"noLazy\" src=\"https:\/\/www.ss3.at\/Holzwerker\/wp-content\/grand-media\/image\/thumb\/_P1240238.jpg\" data-src=\"https:\/\/www.ss3.at\/Holzwerker\/wp-content\/grand-media\/image\/_P1240238.jpg\" alt=\"Baby Spielbr\u00fccke\"\/><\/a>\n                                <div style=\"display:none;\" class=\"gmPhantom_Details\">\n                                            <div class=\"gmPhantom_description\">\n                            <div class=\"gmPhantom_title\"><a href='https:\/\/www.ss3.at\/Holzwerker\/2016\/05\/21\/baby-spielbruecke\/' target='_self'>Baby Spielbr\u00fccke<\/a><\/div>\n                            <div class=\"gmPhantom_text\"><\/div>\n                        <\/div>\n                                                            <div class=\"gmPhantom_terms\">\n                                            <\/div>\n                <\/div>\n                <\/div>            <div class=\"gmPhantom_ThumbContainer gmPhantom_ThumbLoader\" data-id=\"1799\" data-post_id=\"6330\" data-ratio=\"0.99667774086379\" data-type=\"image\" data-ext=\"jpg\" data-views=\"492\" data-likes=\"0\" data-cc=\"0\" data-link=\"https:\/\/www.ss3.at\/Holzwerker\/2016\/12\/26\/schaukelpferd-sicherheitsbuegel-und-weihnachtsgeschenk-teil-4\/\" data-target=\"_self\">\n                <a href=\"https:\/\/www.ss3.at\/Holzwerker\/wp-content\/grand-media\/image\/P1890891.jpg\" class=\"gmPhantom_Thumb\"><img class=\"noLazy\" src=\"https:\/\/www.ss3.at\/Holzwerker\/wp-content\/grand-media\/image\/thumb\/P1890891.jpg\" data-src=\"https:\/\/www.ss3.at\/Holzwerker\/wp-content\/grand-media\/image\/P1890891.jpg\" alt=\"Schaukelpferd als Weihnachtsgeschenk :)\"\/><\/a>\n                                <div style=\"display:none;\" class=\"gmPhantom_Details\">\n                                            <div class=\"gmPhantom_description\">\n                            <div class=\"gmPhantom_title\"><a href='https:\/\/www.ss3.at\/Holzwerker\/2016\/12\/26\/schaukelpferd-sicherheitsbuegel-und-weihnachtsgeschenk-teil-4\/' target='_self'>Schaukelpferd als Weihnachtsgeschenk \ud83d\ude42<\/a><\/div>\n                            <div class=\"gmPhantom_text\"><\/div>\n                        <\/div>\n                                                            <div class=\"gmPhantom_terms\">\n                                            <\/div>\n                <\/div>\n                <\/div>            <div class=\"gmPhantom_ThumbContainer gmPhantom_ThumbLoader\" data-id=\"2837\" data-post_id=\"8529\" data-ratio=\"0.38216560509554\" data-type=\"image\" data-ext=\"jpg\" data-views=\"558\" data-likes=\"0\" data-cc=\"0\">\n                <a href=\"https:\/\/www.ss3.at\/Holzwerker\/wp-content\/grand-media\/image\/Stapelturm.jpg\" class=\"gmPhantom_Thumb\"><img class=\"noLazy\" src=\"https:\/\/www.ss3.at\/Holzwerker\/wp-content\/grand-media\/image\/thumb\/Stapelturm.jpg\" data-src=\"https:\/\/www.ss3.at\/Holzwerker\/wp-content\/grand-media\/image\/Stapelturm.jpg\" alt=\"19 teiliger Stapelturm aus Buche\"\/><\/a>\n                                <div style=\"display:none;\" class=\"gmPhantom_Details\">\n                                            <div class=\"gmPhantom_description\">\n                            <div class=\"gmPhantom_title\">19 teiliger Stapelturm aus Buche<\/div>\n                            <div class=\"gmPhantom_text\"><\/div>\n                        <\/div>\n                                                            <div class=\"gmPhantom_terms\">\n                                            <\/div>\n                <\/div>\n                <\/div>            <div class=\"gmPhantom_ThumbContainer gmPhantom_ThumbLoader\" data-id=\"1940\" data-post_id=\"6598\" data-ratio=\"1.6433333333333\" data-type=\"image\" data-ext=\"jpg\" data-views=\"1538\" data-likes=\"0\" data-cc=\"0\" data-link=\"https:\/\/www.ss3.at\/Holzwerker\/2017\/04\/02\/kletterdreieck-als-geburtstagsgeschenk\/\" data-target=\"_self\">\n                <a href=\"https:\/\/www.ss3.at\/Holzwerker\/wp-content\/grand-media\/image\/P1910698.jpg\" class=\"gmPhantom_Thumb\"><img class=\"noLazy\" src=\"https:\/\/www.ss3.at\/Holzwerker\/wp-content\/grand-media\/image\/thumb\/P1910698.jpg\" data-src=\"https:\/\/www.ss3.at\/Holzwerker\/wp-content\/grand-media\/image\/P1910698.jpg\" alt=\"Kletterdreieck mit Rutsche\"\/><\/a>\n                                <div style=\"display:none;\" class=\"gmPhantom_Details\">\n                                            <div class=\"gmPhantom_description\">\n                            <div class=\"gmPhantom_title\"><a href='https:\/\/www.ss3.at\/Holzwerker\/2017\/04\/02\/kletterdreieck-als-geburtstagsgeschenk\/' target='_self'>Kletterdreieck mit Rutsche<\/a><\/div>\n                            <div class=\"gmPhantom_text\"><\/div>\n                        <\/div>\n                                                            <div class=\"gmPhantom_terms\">\n                                            <\/div>\n                <\/div>\n                <\/div>            <div class=\"gmPhantom_ThumbContainer gmPhantom_ThumbLoader\" data-id=\"2823\" data-post_id=\"8490\" data-ratio=\"0.95541401273885\" data-type=\"image\" data-ext=\"jpg\" data-views=\"554\" data-likes=\"0\" data-cc=\"0\">\n                <a href=\"https:\/\/www.ss3.at\/Holzwerker\/wp-content\/grand-media\/image\/yoyo.jpg\" class=\"gmPhantom_Thumb\"><img class=\"noLazy\" src=\"https:\/\/www.ss3.at\/Holzwerker\/wp-content\/grand-media\/image\/thumb\/yoyo.jpg\" data-src=\"https:\/\/www.ss3.at\/Holzwerker\/wp-content\/grand-media\/image\/yoyo.jpg\" alt=\"Yoyo\"\/><\/a>\n                                <div style=\"display:none;\" class=\"gmPhantom_Details\">\n                                            <div class=\"gmPhantom_description\">\n                            <div class=\"gmPhantom_title\">Yoyo<\/div>\n                            <div class=\"gmPhantom_text\"><\/div>\n                        <\/div>\n                                                            <div class=\"gmPhantom_terms\">\n                                            <\/div>\n                <\/div>\n                <\/div>            <div class=\"gmPhantom_ThumbContainer gmPhantom_ThumbLoader\" data-id=\"1303\" data-post_id=\"5378\" data-ratio=\"1.9\" data-type=\"image\" data-ext=\"jpg\" data-views=\"539\" data-likes=\"0\" data-cc=\"0\" data-link=\"https:\/\/www.ss3.at\/Holzwerker\/2016\/08\/22\/fuhrpark\/\" data-target=\"_self\">\n                <a href=\"https:\/\/www.ss3.at\/Holzwerker\/wp-content\/grand-media\/image\/DSC06293.jpg\" class=\"gmPhantom_Thumb\"><img class=\"noLazy\" src=\"https:\/\/www.ss3.at\/Holzwerker\/wp-content\/grand-media\/image\/thumb\/DSC06293.jpg\" data-src=\"https:\/\/www.ss3.at\/Holzwerker\/wp-content\/grand-media\/image\/DSC06293.jpg\" alt=\"Fertiger Fuhrpark\"\/><\/a>\n                                <div style=\"display:none;\" class=\"gmPhantom_Details\">\n                                            <div class=\"gmPhantom_description\">\n                            <div class=\"gmPhantom_title\"><a href='https:\/\/www.ss3.at\/Holzwerker\/2016\/08\/22\/fuhrpark\/' target='_self'>Fertiger Fuhrpark<\/a><\/div>\n                            <div class=\"gmPhantom_text\"><\/div>\n                        <\/div>\n                                                            <div class=\"gmPhantom_terms\">\n                                            <\/div>\n                <\/div>\n                <\/div>            <div class=\"gmPhantom_ThumbContainer gmPhantom_ThumbLoader\" data-id=\"2440\" data-post_id=\"7563\" data-ratio=\"0.99009900990099\" data-type=\"image\" data-ext=\"jpg\" data-views=\"538\" data-likes=\"0\" data-cc=\"0\" data-link=\"https:\/\/www.ss3.at\/Holzwerker\/2017\/11\/03\/stapelturm-stapelpyramide\/\" data-target=\"_self\">\n                <a href=\"https:\/\/www.ss3.at\/Holzwerker\/wp-content\/grand-media\/image\/P1960091a.jpg\" class=\"gmPhantom_Thumb\"><img class=\"noLazy\" src=\"https:\/\/www.ss3.at\/Holzwerker\/wp-content\/grand-media\/image\/thumb\/P1960091a.jpg\" data-src=\"https:\/\/www.ss3.at\/Holzwerker\/wp-content\/grand-media\/image\/P1960091a.jpg\" alt=\"Stapelturm, Stapelpyramide\"\/><\/a>\n                                <div style=\"display:none;\" class=\"gmPhantom_Details\">\n                                            <div class=\"gmPhantom_description\">\n                            <div class=\"gmPhantom_title\"><a href='https:\/\/www.ss3.at\/Holzwerker\/2017\/11\/03\/stapelturm-stapelpyramide\/' target='_self'>Stapelturm, Stapelpyramide<\/a><\/div>\n                            <div class=\"gmPhantom_text\"><\/div>\n                        <\/div>\n                                                            <div class=\"gmPhantom_terms\">\n                                            <\/div>\n                <\/div>\n                <\/div>            <div class=\"gmPhantom_ThumbContainer gmPhantom_ThumbLoader\" data-id=\"1756\" data-post_id=\"6264\" data-ratio=\"1.7466666666667\" data-type=\"image\" data-ext=\"jpg\" data-views=\"490\" data-likes=\"0\" data-cc=\"0\" data-link=\"https:\/\/www.ss3.at\/Holzwerker\/2016\/12\/11\/schaukelsitz\/\" data-target=\"_self\">\n                <a href=\"https:\/\/www.ss3.at\/Holzwerker\/wp-content\/grand-media\/image\/P1890684.jpg\" class=\"gmPhantom_Thumb\"><img class=\"noLazy\" src=\"https:\/\/www.ss3.at\/Holzwerker\/wp-content\/grand-media\/image\/thumb\/P1890684.jpg\" data-src=\"https:\/\/www.ss3.at\/Holzwerker\/wp-content\/grand-media\/image\/P1890684.jpg\" alt=\"Fertige montierte, ergonomisch geformte Schaukelsitze\"\/><\/a>\n                                <div style=\"display:none;\" class=\"gmPhantom_Details\">\n                                            <div class=\"gmPhantom_description\">\n                            <div class=\"gmPhantom_title\"><a href='https:\/\/www.ss3.at\/Holzwerker\/2016\/12\/11\/schaukelsitz\/' target='_self'>Fertige montierte, ergonomisch geformte Schaukelsitze<\/a><\/div>\n                            <div class=\"gmPhantom_text\"><\/div>\n                        <\/div>\n                                                            <div class=\"gmPhantom_terms\">\n                                            <\/div>\n                <\/div>\n                <\/div>            <div class=\"gmPhantom_ThumbContainer gmPhantom_ThumbLoader\" data-id=\"2822\" data-post_id=\"8489\" data-ratio=\"0.96463022508039\" data-type=\"image\" data-ext=\"jpg\" data-views=\"613\" data-likes=\"0\" data-cc=\"0\">\n                <a href=\"https:\/\/www.ss3.at\/Holzwerker\/wp-content\/grand-media\/image\/Victorian.jpg\" class=\"gmPhantom_Thumb\"><img class=\"noLazy\" src=\"https:\/\/www.ss3.at\/Holzwerker\/wp-content\/grand-media\/image\/thumb\/Victorian.jpg\" data-src=\"https:\/\/www.ss3.at\/Holzwerker\/wp-content\/grand-media\/image\/Victorian.jpg\" alt=\"Victorian spinning top (Abziehkreisel)\"\/><\/a>\n                                <div style=\"display:none;\" class=\"gmPhantom_Details\">\n                                            <div class=\"gmPhantom_description\">\n                            <div class=\"gmPhantom_title\">Victorian spinning top (Abziehkreisel)<\/div>\n                            <div class=\"gmPhantom_text\"><\/div>\n                        <\/div>\n                                                            <div class=\"gmPhantom_terms\">\n                                            <\/div>\n                <\/div>\n                <\/div>            <div class=\"gmPhantom_ThumbContainer gmPhantom_ThumbLoader\" data-id=\"2741\" data-post_id=\"8181\" data-ratio=\"1.5\" data-type=\"image\" data-ext=\"jpg\" data-views=\"496\" data-likes=\"0\" data-cc=\"0\" data-link=\"https:\/\/www.ss3.at\/Holzwerker\/2018\/08\/30\/magische-dose\/\" data-target=\"_self\">\n                <a href=\"https:\/\/www.ss3.at\/Holzwerker\/wp-content\/grand-media\/image\/DSC00684.jpg\" class=\"gmPhantom_Thumb\"><img class=\"noLazy\" src=\"https:\/\/www.ss3.at\/Holzwerker\/wp-content\/grand-media\/image\/thumb\/DSC00684.jpg\" data-src=\"https:\/\/www.ss3.at\/Holzwerker\/wp-content\/grand-media\/image\/DSC00684.jpg\" alt=\"Magische Dose\"\/><\/a>\n                                <div style=\"display:none;\" class=\"gmPhantom_Details\">\n                                            <div class=\"gmPhantom_description\">\n                            <div class=\"gmPhantom_title\"><a href='https:\/\/www.ss3.at\/Holzwerker\/2018\/08\/30\/magische-dose\/' target='_self'>Magische Dose<\/a><\/div>\n                            <div class=\"gmPhantom_text\"><\/div>\n                        <\/div>\n                                                            <div class=\"gmPhantom_terms\">\n                                            <\/div>\n                <\/div>\n                <\/div>            <div class=\"gmPhantom_ThumbContainer gmPhantom_ThumbLoader\" data-id=\"2465\" data-post_id=\"7640\" data-ratio=\"0.91463414634146\" data-type=\"image\" data-ext=\"jpg\" data-views=\"541\" data-likes=\"0\" data-cc=\"1\" data-link=\"https:\/\/www.ss3.at\/Holzwerker\/2017\/12\/23\/kugelmurmel-geschicklichkeitsspiel\/\" data-target=\"_self\">\n                <a href=\"https:\/\/www.ss3.at\/Holzwerker\/wp-content\/grand-media\/image\/P1960291.jpg\" class=\"gmPhantom_Thumb\"><img class=\"noLazy\" src=\"https:\/\/www.ss3.at\/Holzwerker\/wp-content\/grand-media\/image\/thumb\/P1960291.jpg\" data-src=\"https:\/\/www.ss3.at\/Holzwerker\/wp-content\/grand-media\/image\/P1960291.jpg\" alt=\"Kugel-Geschicklichkeitsspiel\"\/><\/a>\n                                <div style=\"display:none;\" class=\"gmPhantom_Details\">\n                                            <div class=\"gmPhantom_description\">\n                            <div class=\"gmPhantom_title\"><a href='https:\/\/www.ss3.at\/Holzwerker\/2017\/12\/23\/kugelmurmel-geschicklichkeitsspiel\/' target='_self'>Kugel-Geschicklichkeitsspiel<\/a><\/div>\n                            <div class=\"gmPhantom_text\"><\/div>\n                        <\/div>\n                                                            <div class=\"gmPhantom_terms\">\n                                            <\/div>\n                <\/div>\n                <\/div>            <div class=\"gmPhantom_ThumbContainer gmPhantom_ThumbLoader\" data-id=\"2844\" data-post_id=\"8543\" data-ratio=\"1.87\" data-type=\"image\" data-ext=\"jpg\" data-views=\"510\" data-likes=\"0\" data-cc=\"0\">\n                <a href=\"https:\/\/www.ss3.at\/Holzwerker\/wp-content\/grand-media\/image\/BabyRassel2.jpg\" class=\"gmPhantom_Thumb\"><img class=\"noLazy\" src=\"https:\/\/www.ss3.at\/Holzwerker\/wp-content\/grand-media\/image\/thumb\/BabyRassel2.jpg\" data-src=\"https:\/\/www.ss3.at\/Holzwerker\/wp-content\/grand-media\/image\/BabyRassel2.jpg\" alt=\"Babyrassel aus Walnussholz\"\/><\/a>\n                                <div style=\"display:none;\" class=\"gmPhantom_Details\">\n                                            <div class=\"gmPhantom_description\">\n                            <div class=\"gmPhantom_title\">Babyrassel aus Walnussholz<\/div>\n                            <div class=\"gmPhantom_text\"><\/div>\n                        <\/div>\n                                                            <div class=\"gmPhantom_terms\">\n                                            <\/div>\n                <\/div>\n                <\/div>            <div class=\"gmPhantom_ThumbContainer gmPhantom_ThumbLoader\" data-id=\"2821\" data-post_id=\"8487\" data-ratio=\"1.3333333333333\" data-type=\"image\" data-ext=\"jpg\" data-views=\"572\" data-likes=\"0\" data-cc=\"0\">\n                <a href=\"https:\/\/www.ss3.at\/Holzwerker\/wp-content\/grand-media\/image\/2019.08.01-WoodPart-IMG_2271.jpg\" class=\"gmPhantom_Thumb\"><img class=\"noLazy\" src=\"https:\/\/www.ss3.at\/Holzwerker\/wp-content\/grand-media\/image\/thumb\/2019.08.01-WoodPart-IMG_2271.jpg\" data-src=\"https:\/\/www.ss3.at\/Holzwerker\/wp-content\/grand-media\/image\/2019.08.01-WoodPart-IMG_2271.jpg\" alt=\"Bei\u00dfringe aus Zirbenholz\"\/><\/a>\n                                <div style=\"display:none;\" class=\"gmPhantom_Details\">\n                                            <div class=\"gmPhantom_description\">\n                            <div class=\"gmPhantom_title\">Bei\u00dfringe aus Zirbenholz<\/div>\n                            <div class=\"gmPhantom_text\"><\/div>\n                        <\/div>\n                                                            <div class=\"gmPhantom_terms\">\n                                            <\/div>\n                <\/div>\n                <\/div>            <div class=\"gmPhantom_ThumbContainer gmPhantom_ThumbLoader\" data-id=\"2402\" data-post_id=\"7509\" data-ratio=\"1.42\" data-type=\"image\" data-ext=\"jpg\" data-views=\"403\" data-likes=\"0\" data-cc=\"0\" data-link=\"https:\/\/www.ss3.at\/Holzwerker\/2017\/11\/03\/das-verstehe-ich-nicht-wieso-ist-das-so-ein-geheimnisvolles-dreieck\/\" data-target=\"_self\">\n                <a href=\"https:\/\/www.ss3.at\/Holzwerker\/wp-content\/grand-media\/image\/Triangle-Solved.jpg\" class=\"gmPhantom_Thumb\"><img class=\"noLazy\" src=\"https:\/\/www.ss3.at\/Holzwerker\/wp-content\/grand-media\/image\/thumb\/Triangle-Solved.jpg\" data-src=\"https:\/\/www.ss3.at\/Holzwerker\/wp-content\/grand-media\/image\/Triangle-Solved.jpg\" alt=\"Das geheimnisvolle Dreieck\"\/><\/a>\n                                <div style=\"display:none;\" class=\"gmPhantom_Details\">\n                                            <div class=\"gmPhantom_description\">\n                            <div class=\"gmPhantom_title\"><a href='https:\/\/www.ss3.at\/Holzwerker\/2017\/11\/03\/das-verstehe-ich-nicht-wieso-ist-das-so-ein-geheimnisvolles-dreieck\/' target='_self'>Das geheimnisvolle Dreieck<\/a><\/div>\n                            <div class=\"gmPhantom_text\"><\/div>\n                        <\/div>\n                                                            <div class=\"gmPhantom_terms\">\n                                            <\/div>\n                <\/div>\n                <\/div>            <div class=\"gmPhantom_ThumbContainer gmPhantom_ThumbLoader\" data-id=\"2153\" data-post_id=\"7031\" data-ratio=\"0.83565459610028\" data-type=\"image\" data-ext=\"jpg\" data-views=\"394\" data-likes=\"0\" data-cc=\"0\">\n                <a href=\"https:\/\/www.ss3.at\/Holzwerker\/wp-content\/grand-media\/image\/P1920796.jpg\" class=\"gmPhantom_Thumb\"><img class=\"noLazy\" src=\"https:\/\/www.ss3.at\/Holzwerker\/wp-content\/grand-media\/image\/thumb\/P1920796.jpg\" data-src=\"https:\/\/www.ss3.at\/Holzwerker\/wp-content\/grand-media\/image\/P1920796.jpg\" alt=\"Kururin - A fidget toy\"\/><\/a>\n                                <div style=\"display:none;\" class=\"gmPhantom_Details\">\n                                            <div class=\"gmPhantom_description\">\n                            <div class=\"gmPhantom_title\">Kururin - A fidget toy<\/div>\n                            <div class=\"gmPhantom_text\"><p>Mit freundlicher Genehmigung von Kendama USA<br \/>https:\/\/shop.kendamausa.com\/products\/kururin<\/p><\/div>\n                        <\/div>\n                                                            <div class=\"gmPhantom_terms\">\n                                            <\/div>\n                <\/div>\n                <\/div>        <\/div>\n    <\/div>\n<\/div>\n","protected":false},"excerpt":{"rendered":"<p>Hier sehen Sie eine \u00dcbersicht \u00fcber alle ver\u00f6ffentlichten Spielzeuge. Ein Klick auf die Untertitel der Bilder und Sie werden zum passendem Artikel weitergeleitet.<\/p>\n","protected":false},"author":3,"featured_media":7577,"parent":0,"menu_order":27,"comment_status":"closed","ping_status":"closed","template":"","meta":[],"_links":{"self":[{"href":"https:\/\/www.ss3.at\/Holzwerker\/wp-json\/wp\/v2\/pages\/5392"}],"collection":[{"href":"https:\/\/www.ss3.at\/Holzwerker\/wp-json\/wp\/v2\/pages"}],"about":[{"href":"https:\/\/www.ss3.at\/Holzwerker\/wp-json\/wp\/v2\/types\/page"}],"author":[{"embeddable":true,"href":"https:\/\/www.ss3.at\/Holzwerker\/wp-json\/wp\/v2\/users\/3"}],"replies":[{"embeddable":true,"href":"https:\/\/www.ss3.at\/Holzwerker\/wp-json\/wp\/v2\/comments?post=5392"}],"version-history":[{"count":20,"href":"https:\/\/www.ss3.at\/Holzwerker\/wp-json\/wp\/v2\/pages\/5392\/revisions"}],"predecessor-version":[{"id":8567,"href":"https:\/\/www.ss3.at\/Holzwerker\/wp-json\/wp\/v2\/pages\/5392\/revisions\/8567"}],"wp:featuredmedia":[{"embeddable":true,"href":"https:\/\/www.ss3.at\/Holzwerker\/wp-json\/wp\/v2\/media\/7577"}],"wp:attachment":[{"href":"https:\/\/www.ss3.at\/Holzwerker\/wp-json\/wp\/v2\/media?parent=5392"}],"curies":[{"name":"wp","href":"https:\/\/api.w.org\/{rel}","templated":true}]}}